 = 4420 - 4380. What is the remainder when 42 is divided by y?
2
Suppose t = -0*g + 3*g + 20, 2*g + 25 = 3*t. Suppose b + 4*x = 20, -t*x + 7 + 10 = b. Suppose 12*n - b = 11*n. What is the remainder when 124 is divided by n?
28
Let m(d) = 2*d**2 + 32*d + 4. Let t be m(-16). Suppose n = -5*a + 28, 3*a - 66 = -t*n + 6*a. Calculate the remainder when 21 is divided by n.
3
Let i(n) = n**2 - 16*n + 15. Let p be i(13). Let v = 1258 + -1212. Calculate the remainder when v is divided by p/(-6 - -3 - -1).
10
What is the remainder when 67 is divided by 600/24 + (-42)/(-9)*12/(-8)?
13
Let g = -124 - -528. Calculate the remainder when g is divided by 81.
80
Suppose 21*p - 31*p + 2080 = 0. Suppose p = -16*z + 18*z. Let v = z + -97. What is the remainder when 18 is divided by v?
4
Suppose -5*m + 2*g + 33 = 0, 4*m + 4*g = 3 + 1. Suppose -m*y = -0*y. Suppose y*c + c = 9. What is the remainder when 53 is divided by c?
8
Let m(t) = t**2 - 4*t - 11. Suppose 4*b + 60 + 116 = 0. Let v be (-1)/(1 - (-48)/b). What is the remainder when m(v) is divided by 23?
20
Suppose 203*m - 179*m - 1632 = 0. Calculate the remainder when 464 is divided by m.
56
Let b be -3 + (-11)/(-3) + 944/6. Suppose -z + 4*j = -b, 4*j = -j - 10. Suppose -2*k - 19 = -95. Calculate the remainder when z is divided by k.
36
Let n = 25 + 29. Let p = n - 54. Suppose p = -5*a + 3*a + 158. Calculate the remainder when a is divided by 16.
15
Let w = -274 + 391. Let t = 241 + -236. Suppose -t*q + 55 = 4*h, 4*q - h - 2*h - 75 = 0. What is the remainder when w is divided by q?
12
Suppose -162*t - 5852 = -190*t. What is the remainder when t is divided by 10?
9
Let u = 147 + -105. Suppose -2*o + 0*o = 2*d - u, 0 = -5*d + 5*o + 85. What is the remainder when d is divided by ((-50)/(-5))/(1 - 0)?
9
Let y(m) = 89*m**2 - m + 1. Suppose 0 = s - 3*g - 5, 4*s = -g + 6*g + 6. Suppose 0 = 5*z - 123 + 63. Calculate the remainder when y(s) is divided by z.
7
Suppose 0 = 58*u - 1047 + 351. What is the remainder when 2180 is divided by u?
8
Suppose 0 = 4*m - 5*n - 351, 3*m - 361 = -m - 5*n. Let o be (1 - (-39)/9)*18/12. Suppose 65 + 55 = o*p. What is the remainder when m is divided by p?
14
Let f = 1389 - 1324. What is the remainder when f is divided by 51?
14
What is the remainder when 35/(350/480) - -13 is divided by 18?
7
Let b(z) be the second derivative of z**4/12 - 11*z**3/6 + 2*z**2 - 12*z - 29. Let g be (-2 - -3)/(2/22). What is the remainder when 15 is divided by b(g)?
3
Let s(z) = 5*z**2 - 5*z + 4. Let r be (-3)/6*(-8 + -6). Suppose 0 = r*k - 433 + 293. What is the remainder when s(3) is divided by k?
14
Suppose 2*a + 2*m - 20 = 0, a = -3*m - 2*m + 10. Suppose 19*y - 27 = a*y. What is the remainder when 21 is divided by y?
0
Suppose -2*m - 2 + 8 = 0. Let d(r) = -14*r - 261. Let k(g) = g**3 + 18*g**2 + 16*g - 37. Let v be k(-17). What is the remainder when d(v) is divided by m?
1
Let d = 5248 + -5195. Calculate the remainder when 718 is divided by d.
29
Let y = 502 + -482. Suppose 4*c + 5*t - 647 = 0, -2*t - 433 = -4*c + 193. Calculate the remainder when c is divided by y.
18
Let a = -4 - -26. Let x = -24 + a. What is the remainder when 6 is divided by (9/(-27))/(x/18)?
0
Suppose -2*i + 708 = 714. Calculate the remainder when 48 - 8/(-4) - i is divided by 2 - 3/(3/(-26)).
25
Let o be (-68)/10 - (-12)/15. What is the remainder when 33*(-2)/(1 + -7) is divided by 0 + 3 - 30/o?
3
Let i(l) = -l**2 - 18*l + 95. Let s(m) = 6*m + 116. Let w be s(-23). Suppose c = 2*j - j - 57, 0 = 5*c + 15. Calculate the remainder when j is divided by i(w).
5
Calculate the remainder when 7098 is divided by ((-20)/12 - -2) + (-9471)/(-99).
90
Let z = 1 - -24. Let o = z + 9. Calculate the remainder when 130 is divided by o.
28
Let g be (-4 - 4)*(1785/(-12))/7. Let x = -134 + g. What is the remainder when 129 is divided by x?
21
Let g = -4884 + 5407. Calculate the remainder when g is divided by 27.
10
Let w = 136 - 114. Let t = -415 - -427. What is the remainder when w is divided by t?
10
Suppose -2*n - 84 = -288. Suppose -4*y + 15 = y, 5*w + 4*y = n. Suppose -2*g - 3*g = -440. What is the remainder when g is divided by w?
16
Suppose -11 = -y + 3*p, -2*p = 2*y + 3*p. Let s = 12 - -1. What is the remainder when y*5*(6 + -5) is divided by s?
12
Let i be (2/(-8) - (-221)/52)*1. Suppose -i*k = -3*r - 63, -10*k + 12*k - 4*r - 44 = 0. Suppose -74 = -3*d + 22. Calculate the remainder when d is divided by k.
8
Suppose -4*v - 176 = -a, a = -3*a - 2*v + 722. What is the remainder when 380 is divided by a?
20
Let t = -4690 + 4730. What is the remainder when 111 is divided by t?
31
Suppose 18 - 4 = 7*z. Let n be z*(2025/(-6))/(-9). Suppose w + 0*w = 4*m - 113, -n = -3*m + 4*w. What is the remainder when 113 is divided by m?
26
Calculate the remainder when 310 is divided by -4*(75/(-150) - (2 - (-25)/1)).
90
Let h = 3963 - 3728. Calculate the remainder when h is divided by 125.
110
Let s(c) be the second derivative of -c**5/20 + 19*c**4/12 - 2*c**3 - 91*c**2/2 - 242*c - 2. What is the remainder when 83 is divided by s(18)?
15
Let p(f) = 136*f + 10440. What is the remainder when p(-73) is divided by 161?
29
Let y(w) = -90*w - 13470. Calculate the remainder when ((-15)/(-2) - -2)*8 is divided by y(-150).
16
Let a(j) = 11*j**2 + 8*j - 7. What is the remainder when a(12) is divided by 13?
9
Let g = -230 + 330. Let f(j) = 2*j**3 + 172*j**2 + 345*j + 790. What is the remainder when g is divided by f(-84)?
32
Suppose 3*p = -6*p + 18. Suppose -5*k = p*x - 12 + 2, 3*k = -5*x + 44. Let y(f) = -f**2 + 11*f - 4. Calculate the remainder when 18 is divided by y(x).
0
Suppose 2*v = -4*v + 36. What is the remainder when (111/(-2))/(-3 - v/(-4)) is divided by 9?
1
Calculate the remainder when (-95440)/(-176) + ((-126)/66)/7 is divided by 540.
2
Let i = -100 + 118. Suppose 21*g - 90 = i*g. What is the remainder when 327 is divided by g?
27
Let b(z) = z**3 + 9*z**2 + 7*z - 43. Let n be b(-7). Suppose n*f - 14 = 832. Calculate the remainder when f is divided by 8.
5
Suppose 0 = 2677*y - 2657*y - 560. What is the remainder when 413 is divided by y?
21
Let b(z) = 3*z**2 + 24*z + 117. What is the remainder when 643 is divided by b(-13)?
19
Suppose 0 = -c + 2*m + 133, -3*m - 621 + 114 = -4*c. What is the remainder when c is divided by 5?
3
Let g(r) = -r**3 + 5*r + 4. Suppose -348*b + 354*b + 330 = 0. Let y = b + 72. What is the remainder when g(-4) is divided by y?
14
Calculate the remainder when (1 - (-395)/10)*(14 - 8) is divided by 96.
51
Let i(t) = 2*t**2 + t - 44. Let d(g) = g**2 + 13*g + 24. Let o be d(-10). Calculate the remainder when i(o) is divided by 12.
10
Let s = 5344 + -5338. Calculate the remainder when 1018 is divided by s.
4
Suppose -31*j - 1083 = -2676 - 6839. What is the remainder when 286 is divided by j?
14
Suppose 60*q - 255 = 55*q. Suppose 81 = n + q. What is the remainder when 52 is divided by n?
22
Suppose 4*s + 39 = -5*c + 77, 5*s + 40 = 0. Suppose -5*i - 24 = -4*q, -3*q = 2*i + 3*i + 17. Calculate the remainder when q/((-1)/(-27)) - -2 is divided by c.
1
Calculate the remainder when -7*((-192)/12 + 5) is divided by ((-4)/10)/(4/(-40)).
1
Let r be 5*(-2316)/(-30) - 1. Suppose 36*q - 43*q = -r. Calculate the remainder when 267 is divided by q.
47
Suppose 2*x + 2*a = 19 + 29, 2*x - 2*a - 60 = 0. Suppose -30*y = -x*y - 909. Calculate the remainder when y is divided by 38.
37
Let u = -1497 - -1519. Calculate the remainder when 17356 is divided by u.
20
Suppose -35*y + 829 + 1836 = 530. Calculate the remainder when 22385 is divided by y.
59
Suppose 10*u - 1230 = 5*u. Suppose -8*b + u = -434. Calculate the remainder when b is divided by 13.
7
Suppose -4*n - 2*o + 48 = 0, 3*n - 2*o - 26 = -o. Calculate the remainder when 525 is divided by n.
5
Suppose j - 3216 = -d - 999, -4*d + 20 = 0. What is the remainder when j is divided by 438?
22
Suppose -r = 5*b - 2318, -2*r + 6932 = 2*b + 2256. What is the remainder when r is divided by 48?
39
Let m(x) = -73*x + 88. Let z be m(-8). Suppose 4*q = 4*n - z, n + 4*n = -5*q + 840. What is the remainder when n is divided by 16?
8
Let h(s) = -35*s + 1. Let w(c) = -25*c**3 - 321*c**2 + 53*c + 364. Calculate the remainder when w(-13) is divided by h(-2).
67
Let m(z) = -37*z + 36. What is the remainder when m(-37) is di